-7).
13
Let x(j) = -3 - j - 11 + 0*j. What is x(-7)?
-7
Let o(v) = -11*v**3 + 15*v**2 + 4*v - 11. Let l(u) = 5*u**3 - 7*u**2 - 2*u + 5. Let f(p) = -9*l(p) - 4*o(p). Determine f(2).
7
Let x be 3/18 - 1469/(-78). Let m(v) = -1 - 3*v**2 - 14*v - 5*v + x*v. What is m(3)?
-28
Suppose 3*o + 0*o = 4*x - 5, -2*o + 10 = 0. Let h(y) = 11*y**2 + 9*y**2 + 5*y - 1 - 21*y**2. Give h(x).
-1
Let i(a) = 8*a - 23. Let f(k) = 9*k - 27. Let h(y) = -6*f(y) + 7*i(y). Determine h(-4).
-7
Let b(d) = -3*d**2 + 2*d + 2. Let u be -12*(80/15 - 2). Let v be (-1)/(-3) + (u/12)/(-2). Determine b(v).
-6
Let m(u) = 9 - 4 - 3 + 2*u - u. Let r(q) = 3*q + 5. Let d(f) = -5*m(f) + 2*r(f). Determine d(1).
1
Let w(i) = i**2 - 5*i - 2. Suppose 20 = 4*z - 0*z. Let k = -2 + z. Determine w(k).
-8
Let q(k) be the first derivative of -k**4/4 - 5*k**3/3 - 3*k**2/2 + 3*k + 52. Let g be 24/(-18)*3/1. What is q(g)?
-1
Let u(i) = 3*i - 15. Let x(k) = -7*k + 28. Let r(p) = 5*u(p) + 2*x(p). What is r(6)?
-13
Let g(m) be the first derivative of m**4/4 + 2*m**3 + m**2/2 - 2*m + 11. Determine g(-6).
-8
Let y(b) be the second derivative of b**3/6 - 19*b**2/2 + b. Let o = 386 - 386. Determine y(o).
-19
Let f(s) = -s + 11. Let r(p) = -p - 1. Let z(d) = 3*d + 2. Let l(t) = -2*r(t) + z(t). Let k be l(1). Determine f(k).
2
Let k(f) = -23*f - 10. Let p(r) = 2*r + 1. Let o(x) = 2*k(x) + 22*p(x). Let j = 9 + -5. What is o(j)?
-6
Let y = -306 - -301. Let m(h) = 3*h - 3. Calculate m(y).
-18
Let n(p) = -5*p - 1. Let t(r) = 3*r + 1. Let b(x) = 5*n(x) + 8*t(x). Let a(v) = -14*v**2 - 184*v - 22. Let q be a(-13). Determine b(q).
-1
Suppose 15 = -3*n - 2*n. Let d be (-4)/(-2) - 0/(-5). Let c(v) = d*v + 7 - 6 - 2*v + 3*v**2 + v**3. Give c(n).
1
Let y(r) = -r**3 - 2*r**2 + 80*r - 12. Let c be y(8). Let j(m) = -3 + m**2 + 11*m - 12 - 2. Calculate j(c).
-5
Let h be 4/6 + (344/12)/2. Let z(l) = l**2 - 16*l - 6. Calculate z(h).
-21
Let w = 387 - 393. Let o(a) = 2*a - 6. Give o(w).
-18
Let w be 15 + -9 - 16/2. Let h(x) = -3*x - 6. Let q(j) = 3*j + 5. Let o(f) = -4*h(f) - 5*q(f). Calculate o(w).
5
Let a(h) = 4*h - 10. Let c(r) = 0*r - 2 + 1 + 4*r - 3*r. Let v = -6 - -5. Let n(p) = v*a(p) + 3*c(p). Determine n(6).
1
Suppose 3*h - 4 = 4*h - c, 0 = -4*h - c - 26. Let k(r) = -8*r - 14. Let a(n) = -9*n - 15. Let t(g) = -5*a(g) + 6*k(g). What is t(h)?
9
Let z(g) be the second derivative of -g**4/12 + g**3 - g**2/2 - 15*g. Let s be z(6). Let i(h) = -13*h**3 + h**2 + h + 1. What is i(s)?
14
Let w = -7 + 12. Suppose 0 = 4*k + w*y - 14, -y - 5 = -3*k + 15. Let v(p) = -3*p**3 + 2*p**2 - 6*p + 3 - 6 + 2*p**3 + 5*p**2. Give v(k).
-3
Let u = -51 + 45. Let b(d) = -d**2 - 12*d - 4. Calculate b(u).
32
Let v(r) be the first derivative of r**2/2 - 2*r + 1. Suppose -132*i + 127*i - 14 = -3*q, 14*q - 2*i - 44 = 0. What is v(q)?
1
Let d = -1 + 3. Let x be 0 - -6 - d/(-1). Suppose -x + 33 = 5*k. Let g(f) = -f + 7. Determine g(k).
2
Let m(j) = -4*j**3 + 5*j**2 - 5*j + 4. Let x(y) = 5*y**3 - 6*y**2 + 6*y - 5. Let k(u) = 6*m(u) + 5*x(u). Let p = 2 + -2. Suppose z - 5*z = p. Calculate k(z).
-1
Let f(o) = -2*o + 1003 - o - 1005. Calculate f(-6).
16
Suppose 7*a - 12*a - w + 21 = 0, 7 = a + 3*w. Let i(h) be the second derivative of -7/2*h**2 - 1/20*h**5 + 0 + 1/12*h**a - 1/6*h**3 - h. Determine i(0).
-7
Let s(r) = -2*r - 8. Let k = 339 + -345. Determine s(k).
4
Let w(d) be the second derivative of -d**3/6 + 3*d**2/2 - 3*d + 27. Determine w(8).
-5
Suppose 2 = h - 0. Let x(n) = -5*n**3 - n**2 - 6*n. Let b be 6*2*(1 - 12/16). Let s(m) = -9*m**3 - m**2 - 11*m + 1. Let z(v) = b*s(v) - 5*x(v). Calculate z(h).
-11
Let h(m) = -m - 5. Let b = 1105 + -1118. Determine h(b).
8
Let c(h) = h**2 - 8*h + 3. Suppose 2*d - 10 = 4*x, 2*d + 2*d = 5*x + 20. Calculate c(d).
-12
Suppose -15 = -4*g - 3*j - 1, 4*g - 18 = -5*j. Let s be ((0 - g) + 1)*-2. Let x(f) = 4*f + 0 + 1 + f**s - 2*f + 0. Determine x(-3).
4
Let r(f) = -4*f - 2. Let b = -69 - -71. Suppose -3*w - w + 4 = b*m, -3*w = 3*m. Calculate r(w).
-10
Let s(c) = -4*c - 4. Let h(p) = -20*p - 21. Let j(w) = -2*h(w) + 11*s(w). Give j(-2).
6
Let t(c) be the third derivative of -c**7/2520 + c**6/180 - c**5/60 - 5*c**4/3 + 8*c**2. Let k(w) be the second derivative of t(w). Determine k(4).
-2
Let h(x) = 15 + 3101*x**2 - 2 + 12*x - 3100*x**2. Give h(-12).
13
Let x(v) = -3*v - 1. Suppose 17*d - 4 = 21*d. Let k(b) = b. Let s(q) = d*x(q) - 2*k(q). What is s(-3)?
-2
Let f(j) = j**2 + 4*j - 3. Let b be f(-4). Let z = -5 - b. Let w(i) be the first derivative of i**3/3 + i**2 - i + 16. Calculate w(z).
-1
Suppose 2*f - 3 = f. Let s(w) = -2 + 2*w - w + f + 4. Let o(n) = n**3 - 13*n**2 - 13*n - 10. Let l be o(14). Calculate s(l).
9
Let w(y) = -y**3 - y**2 - y. Let k be (-340)/(-14) - 16/56. Let m be ((-4)/(-6))/(k/(-108)). Give w(m).
21
Let l(h) be the first derivative of -h**4/4 + 2*h**3/3 - h**2/2 + 3*h + 154. What is l(2)?
1
Let q(d) be the second derivative of 7*d**3/6 + 30*d**2 - 46*d + 2. Determine q(-10).
-10
Let n be 18/117 - 102/(-13). Let y(w) = -5*w + 5*w + 8 - w. What is y(n)?
0
Let m(v) = -v**3 - 3*v**2 + 2*v + 4. Let j = 39 + -51. Let z be (j/8)/(2 + (-3)/2). What is m(z)?
-2
Let m(b) = 5*b**3 - 5*b**2 + 9*b - 11. Let i(j) = j - 3*j**3 + 3*j**2 - 8*j + j + 7. Let x(w) = -8*i(w) - 5*m(w). Let y = 8903 + -8901. Give x(y).
1
Let j(d) = 7*d**2 - 3*d + 2. Let i(r) = -5*r**2 + 2*r. Let w(g) = -3*i(g) - 2*j(g). Let y be 0*(0 - (-2 - -3)). Suppose 0 = 5*n - y*n. Calculate w(n).
-4
Let n be (-20)/(-10) + 1 + 0. Let j be 4 - n/3 - 1. Let l(c) be the first derivative of c**4/4 - c**3 + c**2 - 3*c + 1. Give l(j).
-3
Let w(c) be the first derivative of -c**4/4 - 8*c**3/3 - 3*c**2 + 4*c + 328. What is w(-7)?
-3
Suppose 4*l + 1 = 9. Let k(b) = 14 - b + 2*b + 0*b - 10*b**l - 15. Give k(1).
-10
Suppose -15 = -2*b + 5*d + 4, 0 = 5*b + 5*d + 5. Suppose 0 = 4*u - b - 6. Let g(l) = -l**u - 7 - 2 + 14. Determine g(4).
-11
Let h(x) be the first derivative of 6*x + 4 + 1/2*x**2. Suppose -n = -2 + 5. Give h(n).
3
Let f be -2 - 2/1*(-1)/2. Let l(a) = a**2. Calculate l(f).
1
Let r(u) = 1. Let a(x) = -x**3 - 8*x**2 + 17*x - 28. Let s be a(-10). Let g(i) = -i - 9. Let n(w) = s*r(w) + g(w). Determine n(-13).
6
Let u(c) = 6*c + 23. Let f(h) = h + 9. Let l(w) = 4*f(w) - u(w). Determine l(5).
3
Let j = 63 - 63. Suppose j = 5*o + 2*u + 26, -39 = 4*o - 3*u - 9. Let k(z) = -z**2 - 4*z + 2. Determine k(o).
-10
Let v(i) = 0*i**2 - i**2 + 6 - 4 - 3*i. Let w(p) = p**3 + p**2 - 2*p - 5. Let o be w(-2). Determine v(o).
-8
Suppose -24 = -5*i + 8*i. Let o = -11 - i. Let h be (o/(-5))/((-12)/(-60)). Let m(j) = -j**2 + 4*j - 2. What is m(h)?
1
Let m be 3/((-15)/(-10)*2). Let z(l) = l**2 - 3*l + 3. Let p be z(m). Let c(a) = 18*a - 1. Determine c(p).
17
Let a(o) = o**2 - 12*o + 21. Let m(g) = 3*g**3 - 14*g**2 - 3*g - 1. Let c be m(5). Calculate a(c).
-6
Let q(f) = f**3 - 14*f**2 + f - 17. Suppose 5*s + 5 = -5*v + 50, -3*s = -2*v + 43. Let m be q(v). Let u(w) = -w**3 - w**2 - w - 1. Calculate u(m).
20
Let l(t) be the first derivative of -t**2 - 8 + 4 + t - t**3 + 0*t. Suppose -3*d - 2*b = -3, -5*d + 2 + 3 = -b. Determine l(d).
-4
Let h(t) be the second derivative of t**4/3 - t**3/2 - t**2 + 497*t. Determine h(-2).
20
Let n be (0 - 3 - -4)*-4. Let g be ((n + 10)*-1)/(-1). Let y(d) = -2*d + 0*d - g*d**2 + 7*d**2. Calculate y(4).
8
Let r(n) be the third derivative of n**7/2520 - 7*n**6/720 + n**5/15 - 7*n**4/24 + n**2 + 3*n. Let i(j) be the second derivative of r(j). Determine i(6).
2
Let q(i) = -i**3 - 6*i**2 + 2. Let o(w) = -3*w**2 - 4*w - 2. Let h be o(-2). Let u be q(h). Let c be 0*u/(-16)*-4. Let p(d) = -d - 5. What is p(c)?
-5
Let h be 18/45 - (-39)/15. Let s(k) = -8*k**2 + 5*k + 1 - 2*k**h - 2*k**3 - 2*k**3 + 7*k**3. Determine s(7).
-13
Suppose -21 = -18*u - 3*u. Let v(z) = -9*z**2 - 2*z + 1. Determine v(u).
-10
Let q be (4 + (-28)/8)*10. Let p(c) be the second derivative of c**4/12 + c. Give p(q).
25
Let r(d) = -3*d - 18. Let f(u) = 2*u**3 - 29*u**2 - 19*u + 51. Let z be f(15). What is r(z)?
9
Suppose 2*c + 20 = 3*s + 6*c, 0 = 4*s - 2*c - 12. Let z(v) be the second derivative of -8*v + 1/6*v**s + 1/20*v**5 + 1/3*v**3 + 0*v**2 + 0. What is z(-2)?
-4
Let x(k) = 5*k**2 + 7*k + 2. Let j(r) = 2*r**2 + 2*r + 1. Let q(a) = -11*j(a) + 4*x(a). Let c = -196 + 200. Deter